0. Let t be l(c). What is p(t)?
1
Let x = -13 - -15. Let m(d) be the third derivative of -2*d**x + 1/6*d**3 + 0 - 1/120*d**6 + 1/24*d**4 + 0*d + 1/60*d**5. Determine m(0).
1
Suppose -1 + 9 = 2*o. Let i(d) = d**3 - 3*d**2 - 5*d + 6. Calculate i(o).
2
Let r(c) = -5 + 2*c - 2*c - c. Let u be 0/(-1) + 4*-1. What is r(u)?
-1
Suppose -12 = -5*k + 8, m - 13 = -2*k. Let a be ((-12)/(-21))/(4/14). Let w(u) = 1 + 5*u**2 - 5*u**a + 5*u + 4*u**2 + 3*u**3 - 4*u**3. Give w(m).
1
Suppose d + 2 = t, -2*t + 4 = -d - 3. Let j(q) = 5*q**2 - 1 - 4*q + t*q**2 - 2*q**2 + 2*q. Determine j(-1).
9
Let j(s) = -3*s**3 - s**2 + s - 1. Let n be (-1 + (-4)/(-2))*1. Calculate j(n).
-4
Let j = 93 - 82. Let r(h) = h**3 - 10*h**2 - 13*h + 12. Determine r(j).
-10
Let v(t) be the third derivative of -1/2*t**3 + 0*t + 0 + t**2 - 1/24*t**4. Suppose 0 = -5*c - 26 + 1. What is v(c)?
2
Let l(b) = -2*b - 2. Let r(u) = -u. Suppose s - 20 = 4*q, -q + 6*q = -3*s + 9. Suppose 5*z = -5*t + 50, 3*z = -5*t + s + 32. Let c be r(z). Give l(c).
8
Let o(d) be the third derivative of -d**6/120 - 2*d**5/15 + d**4/3 + d**3/6 + 31*d**2. Give o(-9).
10
Suppose -5*z - 13 = -63. Suppose -4*i + 2*i + z = 0. Let x be (-28)/(-20) - 2/i. Let c(s) = -6*s**3 - s**2 + 1. Determine c(x).
-6
Let z(h) = 3*h**3 + 2*h - 1. Let j be (-3)/2*4/(-6). Let g be z(j). Suppose b + 3*b = -g. Let f(m) = -2*m + 1. What is f(b)?
3
Let t(q) be the second derivative of 3*q**3/2 - q**2/2 + 7*q. Give t(-1).
-10
Let o(c) be the first derivative of -c**5/60 + 7*c**4/24 - 5*c**3/6 - c**2 + 1. Let m(x) be the second derivative of o(x). Give m(5).
5
Let b(h) = h - 6. Let g(z) be the first derivative of -z**3/3 + 5*z**2 + 5*z - 2. Let u be g(10). Let c be b(u). Let o(i) = -6*i - 1. Give o(c).
5
Let b = -5 - -8. Let x(i) = -4 + 2*i**2 + 2*i**2 - b*i + 2*i - 5*i**2. Determine x(-3).
-10
Let f(t) = -3*t**3 + 5*t**2 + 5*t + 1. Let p(k) = -10*k**3 + 14*k**2 + 13*k + 3. Let x(a) = -7*f(a) + 2*p(a). What is x(8)?
-9
Let x = -7 + 12. Let o(h) be the third derivative of 0 - 1/6*h**4 + 0*h - 2/3*h**3 - 1/120*h**6 - 2*h**2 + 1/10*h**5. Calculate o(x).
1
Let c(p) be the third derivative of p**8/6720 + p**7/2520 - p**6/240 - p**5/120 - p**4/24 + 5*p**2. Let g(u) be the second derivative of c(u). Calculate g(-2).
1
Let t(n) = -2*n**3 - n**2 + 2*n - 1. Let q = -9 - -17. Let c(h) = -h**3 + 9*h**2 - 9*h. Let y be c(q). Let r = -7 - y. Determine t(r).
-2
Let s(t) be the first derivative of 3*t**2/2 - 12*t + 9. What is s(8)?
12
Let m(r) = -r**3 - 4*r**2 + 3*r - 3. Let q(g) = -2*g + 3. Suppose -s = -5*s + 16. Let x be q(s). Determine m(x).
7
Suppose -3*z = -5*z + 20. Let x(p) = -p + 14. Let u be x(z). Let h(g) = 9 - g - 9. Determine h(u).
-4
Let d(s) = -2*s**2 - 3*s + 3. Suppose 12 = 2*q + 2. Let b = q - 3. What is d(b)?
-11
Suppose 10 = 3*h - 38. Suppose 3*z + 5*v + 34 = 0, -2*z - 3*v - 5 = h. Let t(j) = j**2 - j - 5. Let q(i) = i + 1. Let d(n) = -2*q(n) - t(n). What is d(z)?
-3
Let f(h) = -h**3 - 9*h**2 - 9*h - 7. Let s = 78 - 86. Give f(s).
1
Let k be (-4 - 3) + 12/3 + -2. Let t(m) = m**2 + 7*m + 1. What is t(k)?
-9
Let w(p) = -p + 1. Let v be (-4)/6 + 42/9. Suppose v*k = k - 3. Let l(d) = -2*d + 7. Let r(t) = k*l(t) + w(t). What is r(3)?
-3
Let g(v) = -5*v**3 + 1. Let a be (6/(-4))/(-1)*2. Let m be ((-1)/a)/((-2)/(-18)). Let y be ((-6)/9 + 1)*m. Determine g(y).
6
Let k(z) = 1 - 4*z - 3*z + 4*z. Let l = -20 + 12. Let f = 5 + l. Determine k(f).
10
Let g(j) = -2*j + 0*j + 3*j**2 - 6*j**2 + j**2. Suppose 2 = -3*d + 4*l - 8, 0 = 3*d - 5*l + 11. What is g(d)?
-4
Let z be 1/(2/8) + 21. Let h = z - 30. Let p(b) = b**2 + 5*b + 4. What is p(h)?
4
Let g(r) = r - 6*r + 4*r + 2. Suppose 41 = 4*k + 5. Suppose 5*o = -k + 29. Determine g(o).
-2
Let f(x) = x**3 - 2*x**3 - 1 + 3*x + 4*x**2 + 5. Determine f(4).
16
Let v(c) be the second derivative of 2*c - 5/24*c**4 - 1/360*c**6 + 0*c**2 + 0 - 1/20*c**5 + 1/6*c**3. Let n(z) be the second derivative of v(z). What is n(-6)?
-5
Let h(p) = 2 - 2 + p**2. Let k(l) = 4*l**2 - 5*l - 2. Let j(a) = -3*h(a) + k(a). Let f(o) = o**2 - 14*o + 17. Let q be f(13). Determine j(q).
-6
Let y(d) = 10*d + 2. Let v(m) = m. Let a(t) = 8*v(t) - y(t). What is a(-3)?
4
Let i(k) be the third derivative of 0*k + 0*k**4 - 1/10*k**5 + 0*k**3 - k**2 + 0. Let w be (-3)/(-2) + (-2)/4. Calculate i(w).
-6
Let l(s) = -s**3 - 4*s**2 + 6*s + 1. Suppose 17 = -5*c - 2*x, 3*x + x - 31 = 3*c. Calculate l(c).
-4
Let f(a) = a**2 + a + 1. Let g(t) = t**3 - t - 1. Let v(q) = 2*q**3 + 10*q**2 - 3*q + 5. Let b(h) = -3*g(h) + v(h). Let o(d) = b(d) - 5*f(d). Calculate o(3).
6
Let l = -7 - 0. Let q(n) = -n - 15. Let m be q(l). Let f(x) = x + 9. Let a be f(m). Let r(w) = 8*w. Determine r(a).
8
Let p(g) = -2*g + 3. Suppose -2*o + 5*f = -0*f + 15, 3*o + 4*f = 12. Let k = 9 - o. Suppose 5*h = k + 6. What is p(h)?
-3
Let u(x) be the second derivative of -x**3/2 + 4*x. Let y be u(-2). Let d(t) = -t + 1. What is d(y)?
-5
Let w(o) = o**3 + 3*o**2 - 4*o + 5. Let p be w(-4). Suppose p*f + 27 = 2*b, -3*b = -4*f - 36 + 6. Let h(q) = -q**2 + 6*q + 3. What is h(b)?
3
Let p(n) = n**2 + 6*n - 5. Let z(c) = c**2 - c. Let v be 10/5*(-2)/(-4). Let k be z(v). Suppose -3*i + 3*w - 18 = k, 0 = 4*i + w + w + 18. Calculate p(i).
-10
Let b be 3/4 - 105/(-4). Let w be 3/(b/12)*3. Suppose -g + 15 = w*g. Let n(y) = -y**3 + 2*y**2 + 3*y - 1. What is n(g)?
-1
Let a(f) be the third derivative of -f**2 + 0 - 1/3*f**4 + 1/60*f**5 + 4/3*f**3 + 0*f. Determine a(8).
8
Let d(f) = f - 5. Suppose 2*m - 10 = n + 3*n, -5*m - 5 = 5*n. Let o be (-5)/(-1 - n*1). Let h be (-4)/(-10) + 2/o. What is d(h)?
-5
Let y(a) = a - 4. Let n(o) = o**3 - 6*o**2 - 4. Let t be n(6). Let g = t - -1. Determine y(g).
-7
Suppose 13 = v - 5*l - 4, 2*v - 4*l - 10 = 0. Let p be 0*(v + 15/6). Let t(g) be the second derivative of g**3/6 + g. Give t(p).
0
Let x(h) = -3*h + 5. Let o(m) = 4*m - 6. Let i(a) = 4*o(a) + 5*x(a). Let b(q) = -3 + q**2 - 8*q + 3*q - 5. Let t be b(6). Calculate i(t).
-1
Let b(n) = -1 + n**2 - 2*n - n**3 - 2*n**2 - 2*n**2 - 2*n**2. Give b(-5).
9
Let a(i) = -i**2 - 4*i + 7. Let s be 8/36 + 75/27. Let g = -9 + s. Give a(g).
-5
Let c(k) be the first derivative of k**2/2 + 9*k - 7. Give c(-9).
0
Let o(q) = -3*q**3 + q + 1. Let z = 7 - 2. Let c = 6 - z. Let w = 0 - c. Calculate o(w).
3
Let q(j) = 6*j. Suppose 5*o - 3*n = 45, 0 = 2*n + n + 15. Let m(f) = -35*f. Let r(y) = o*m(y) + 34*q(y). Suppose 2*z - 5*z = 3. Calculate r(z).
6
Let u(c) = -4*c - 1. Let i(g) = 11*g + 1. Let s(j) = -3*i(j) - 8*u(j). Let b(f) = -f**2 - 8*f - 2. Let a be b(-7). Calculate s(a).
0
Suppose 0 - 4 = -2*u. Let h(k) = -k**2 - k**2 + 5*k**2 - 4*k**2. Calculate h(u).
-4
Let p(i) = i**3 + 6*i**2 + i - 1. Let t = -138 + 134. Calculate p(t).
27
Let u(q) = -q**3 + q**2 + q - 6. Let i be u(0). Let t(o) be the first derivative of o**4/4 + 5*o**3/3 - 7*o**2/2 - 8*o - 164. What is t(i)?
-2
Let m(k) = 2*k + 4 - k**3 - 3*k + 2*k**2 - 5. Let y be (1 - 7)*(-6)/18. Give m(y).
-3
Let h be ((-190)/133)/(2/(-7)). Let s(c) = -c**3 + 4*c**2 + 3*c + 5. Determine s(h).
-5
Let v be (-10)/(-4)*(-5 - -7). Let k = v + -2. Let c(u) = 1 + 4*u - 3 - k*u. Determine c(3).
1
Let y(g) = -11*g**2 - 2*g - 5*g + 3*g**2 - 9*g**3 + 8*g**3. Give y(-7).
0
Suppose 3*c = -c + 20. Suppose -c = p - 1. Let o(v) = -2*v - 3. Let r(w) = -2*w - 2. Let t(q) = -3*o(q) + 2*r(q). What is t(p)?
-3
Let z be (1 - (-9)/(-6))*-32. Let d be (z/(-12))/(1/(-15)). Suppose 2*u + d = -2*u. Let c(a) = -a**2 - 5*a + 5. Determine c(u).
5
Let u(i) = -i - 2. Let c be u(-6). Let a(k) = -k**2 + 6*k - 5. What is a(c)?
3
Let p be 2/(-1) + (7 - 1). Let q(g) = 4*g + 4*g - 3*g - 3 - p*g. What is q(-4)?
-7
Let u be (-3 - -7 - 1)/1. Let y(j) = 2*j**2. Let h(f) = 5*f**2 - f + 1. Suppose -d - 4 = 3. Let k(v) = d*y(v) + 3*h(v). Give k(u).
3
Let t(p) = -p**2 - 8*p - 9. Let c be t(-6). Let i(d) = -4*d**2 - d - 5. Let s(q) = 7*q**2 + q + 9. Let h(n) = 5*i(n) + 3*s(n). Give h(c).
5
Let k = 10 - 6. Suppose k*b - 12 = -0*b. Let v(d) = 0 + d**2 - 3*d + 0*d**2 - 2 + b. What is v(2)?
-1
Let y(w) be the second derivative of -w**3/6 + w**2 - 7*w. What is y(0)?
2
Let j = -3 - -6. Let p(a) = 3 - j - 3*a + 5*a. Determine p(1).
2
Let p = -2 + 0. Let t be (-3)/p - (-3)/(-6). Let m(u) = u + t + 0*u - 1. Give m(2).
2
Let a(i) = -i**2 + 10*